3 - 4*u**2 - 39*u - 42*u. Calculate p(3).
3
Let a = -20 + 12. Let n = a + 12. Let q(u) = -u - 2. What is q(n)?
-6
Let b(t) = 0*t + 2*t - t + 1 + t. Give b(-4).
-7
Let t(z) = -5*z + 5. Let u(m) = 11*m - 9. Let a(v) = -7*t(v) - 4*u(v). Give a(-1).
10
Let s(b) = b**3 + 2*b**2 + 1. Let l(f) = -f**2 + 8*f - 18. Let m be l(5). Give s(m).
-8
Let d(j) = j**3 - 5*j**2 + 2*j + 5. Let c be 481/91 + (-4)/14. Give d(c).
15
Let t(i) = -i + 7. Suppose -60 = 6*h - 3*h. Let y be (-92)/h + (-6)/(-15). Determine t(y).
2
Let n(j) be the first derivative of j**4/4 - 5*j**3/3 - j**2 - 8. Give n(5).
-10
Let v(b) be the first derivative of b**2 - 3*b - 4. Calculate v(-6).
-15
Let u(t) = -t**3 + 7*t**2 + 2*t - 10. Let f be u(7). Let r(l) = l - 7. Let g be r(f). Let j(k) = -k + 1. Give j(g).
4
Suppose -4*j + 1 = 2*y + 17, -5*j = 15. Let b(d) = -4*d**2 + 3*d + 1. Let a(k) = 2*k**2 - 2*k. Let f(c) = y*b(c) - 5*a(c). Determine f(3).
-8
Let l(c) = c**3 + 4*c**2 - 7*c. Let t be l(-5). Let n = t - 8. Let k(g) = -2*g + 3. Determine k(n).
-1
Suppose 5*l - 1 = 4*q, 3*l - q - 3 + 1 = 0. Let g(c) = 14*c**2 + 2*c - 1. Give g(l).
15
Let a(w) be the third derivative of w**4/24 + w**3/6 - w**2. Let q be a(0). Let h(r) = -q + r**2 - 2*r - 1 + 3*r. Give h(0).
-2
Let f(p) = -p**3 + 7*p**2 - 6*p - 8. Let y be 3 - (-7 - (-3 - 1)). Determine f(y).
-8
Suppose -29 = -5*d - 3*r, d - 4*r = -d - 4. Let s(a) = a + 2. Calculate s(d).
6
Let v(d) be the first derivative of -4*d + 5/2*d**2 + 1/3*d**3 - 3. Give v(-5).
-4
Let p(o) be the second derivative of o**5/20 - 5*o**4/12 + o**3/6 + o**2 - 15*o. Determine p(5).
7
Let v = 31 + -6. Let d = v + -27. Let n(z) = -3*z - 3. Determine n(d).
3
Let b(p) = -p**2 - 3*p + 6. Suppose -2 = -v, -3*v = -5*u - 6*v + 16. Let d be 3 - 1*-1*u. Suppose -3*y + 10 = -d*y. What is b(y)?
-4
Let n(a) be the third derivative of 0*a - a**2 - 1/2*a**3 + 0 + 1/12*a**4 - 1/120*a**5. Let x(h) be the first derivative of n(h). Determine x(-2).
4
Suppose 3*b + 11 = 5. Let z(w) = -7*w**2. Let h be z(-1). Let n(x) = 4*x - 6. Let r(v) = -v + 2. Let i(d) = h*r(d) - 2*n(d). What is i(b)?
0
Let u(l) = -l**2 - 7*l - 6. Suppose s - 5*z + 17 = 0, 0*s = s + z - 7. Suppose d = -s - 1. What is u(d)?
6
Suppose -q + 9 = 2*q. Let u(r) = 51*r**q + 3*r - 3*r - 52*r**3 - 5. Give u(0).
-5
Let q(i) = 3*i - 11. Let a(k) = 2*k - 5. Let c(d) = -5*a(d) + 2*q(d). Give c(3).
-9
Let q(n) = 5*n**2 + 9*n + 6. Let a(w) = -6*w**2 - 9*w - 6. Let y(t) = -4*a(t) - 5*q(t). Calculate y(-8).
2
Let i(h) = 4*h**3 - 11*h**2 + 8*h - 4. Let a(m) = -6*m**3 + 17*m**2 - 12*m + 6. Let t(s) = -5*a(s) - 8*i(s). Let p be 2/(-6) - 42/(-18). Give t(p).
-10
Let d(q) = -q**3 - 5*q**2 - 4*q. Let k be d(-4). Suppose 2*l - o - 14 = k, 0 = -3*l + 3*o + 20 + 4. Let a = l + -3. Let n(y) = y**2 - y. Calculate n(a).
6
Let h(u) = -4*u - 5. Let z(a) = a**3 - 4*a**2 - 4*a - 10. Let i be z(5). Give h(i).
15
Suppose -8 = -t + 2*c, -3*t = -0*c + 3*c + 12. Let d(p) = -16 - 17*p + t + 18*p. Determine d(0).
-16
Let m(v) = -v**2 + 10*v + 56. Let a be m(-4). Let f(y) = -7*y**3 + 7*y - 2. Let k(d) = -d**3 + d - 1. Let t(r) = f(r) - 6*k(r). Determine t(a).
4
Suppose -9 = 4*d + 5*l - 0*l, 0 = 2*d + 3*l + 5. Let z(q) = q**2 - 6*q - 6. Let j(i) = 1. Let r(f) = d*z(f) - j(f). Calculate r(5).
10
Let x(t) = t**2 + 7*t + 2. Let y = -16 - -19. Suppose y*g - 12 = 7*g. Calculate x(g).
-10
Let n(h) = 2*h**2 - 7*h + 6. Suppose -5*f - 4*z = -8, -3*f + 0*f - 3*z = -3. Determine n(f).
10
Let s be (2 - 56/(-4)) + -6. Let x(u) = -u + 6. Calculate x(s).
-4
Let b(q) be the third derivative of q**5/60 + 7*q**4/24 + 7*q**3/6 + 10*q**2. Determine b(-5).
-3
Let n(r) = -6*r + 2. Let a(f) = 7*f - 3. Let u(m) = -3*a(m) - 4*n(m). What is u(-2)?
-5
Let r(q) be the second derivative of q**6/360 + q**5/20 + q**4/12 - q**3/3 - q. Let m(t) be the second derivative of r(t). Give m(-5).
-3
Let t = -1 - -6. Let o(y) = -7*y**3 + 8*y**2 - 3*y + 3. Let k(h) = 6*h**3 - 7*h**2 + 3*h - 3. Let x(f) = t*k(f) + 4*o(f). Determine x(2).
7
Let s(j) = -7*j**2 - 2*j + 1. Suppose 5*m + f - 14 = 44, 0 = -4*m + 4*f + 32. Suppose -m = -5*z + 9. Let v = z - 3. Determine s(v).
-8
Let o(h) = -5*h + 1. Let v be 5 + -2 + 2/(-1). What is o(v)?
-4
Let j(w) be the first derivative of -9*w + 1/2*w**2 + 2. Determine j(0).
-9
Suppose 4*u + d - 21 - 64 = 0, 0 = -u - 2*d + 23. Let s be (-28)/u*3/(-2). Let q(p) = -p**2 + 4*p - 3. Give q(s).
1
Let c(t) = -2*t + 3. Let u = -10 + 7. Let v = 8 + u. Give c(v).
-7
Suppose 0 = -3*i - 3*v, 5*i + 2*v + 27 = 6*v. Let q(f) = -f**3 - 2*f**2 - 2*f. Determine q(i).
15
Let m(s) be the third derivative of s**5/30 - s**4/4 + 5*s**2. Give m(4).
8
Let a(s) = -4*s - 10. Let h be a(-4). Let x(k) = k**2 - 6*k. What is x(h)?
0
Let s(n) = n**3 - 7*n**2 + 7*n - 7. Let x = 148 - 142. Determine s(x).
-1
Let a be ((-8)/(1*-2))/2. Let c = 6 - a. Let z(d) = -2 + c - 5 - 4 + d. Determine z(5).
-2
Let n(o) = 9*o**2 + o - 1. Let w = 12 + -11. Give n(w).
9
Let r(z) be the third derivative of 0 + 0*z - 1/60*z**5 - 1/6*z**3 + 2*z**2 - 1/12*z**4. Let f(a) = -3*a + 2. Let d be f(1). Calculate r(d).
0
Let h be 1*(-5 - -3) - -4. Let s(o) = 3 + o**2 + 0*o + 0*o**2 + 5*o - h. Give s(-2).
-5
Let r = 2 - 2. Suppose r = d + 4*d - 25. Let p(b) be the first derivative of -b**2/2 + 1. Give p(d).
-5
Let c(a) = a**2. Let n be c(2). Let i = 3 + -1. Let w(y) = 0 + 5 - i*y - n. What is w(3)?
-5
Suppose -d = -4*z - 1, 11 = 5*d + 5*z - 19. Let a(u) = -2 - d*u + 3 + 8*u. Give a(2).
7
Let l(r) = r - 8*r**3 + r**2 + 3*r**3 + r + 1. Calculate l(-1).
5
Let m(d) = 0 + 5 - 4 + 6*d. Determine m(-1).
-5
Let w = 12 - 7. Let a(p) = -3 - 3*p - w*p + 3*p + 4*p. Let b be (-6 - (0 - 1)) + 1. Give a(b).
1
Let k(n) = -n**3 + 18*n**2 + 39*n + 20. Let t be k(20). Let a(c) = c**2 + c + 7. Calculate a(t).
7
Let y(z) = -2*z**3 - 8*z**2 - z + 5. Let x(r) = -r**3. Let d(a) = 3*a**3 - 9*a**2 - 2*a + 5. Let t(b) = d(b) + 6*x(b). Let m(i) = 3*t(i) - 4*y(i). What is m(4)?
3
Suppose 3*j + j = -r - 14, -14 = -4*r - 2*j. Let d(p) = p**2 - 4*p + 1. Calculate d(r).
13
Let u(m) = m**2 - 7*m + 5. Suppose a - 5*a - 38 = -2*j, 27 = -a + 4*j. Let l = a + 12. Suppose -6 = l*s - 31. Give u(s).
-5
Let s(n) = -n**2 + 5*n + 4. Let u(v) = -v + 10. Let r be u(9). Let j = r - -4. What is s(j)?
4
Let y(c) = -8*c + 21 - 16 - c**2 + 3*c. Calculate y(-5).
5
Let l be (-15)/10*(-4)/3. Let q(n) = 0*n**3 + 2*n**2 - 5*n**l - 4 + n**3. Determine q(4).
12
Let f(d) = d**2 - 2*d - 4. Let g = 75 - 71. Give f(g).
4
Suppose -a = -m + 9, 0 = -5*a - 0*m - 4*m. Let c(w) = 2*w**2 + 5*w - 3. Determine c(a).
9
Let w(q) be the first derivative of -q**4/4 + 4*q**3/3 + q**2/2 + 6*q - 22. Determine w(5).
-14
Let z(g) = g**2 + 8*g + 5. Let i = 8 + -7. Let m = -4 - i. Determine z(m).
-10
Let q(i) = -i**2 - 11*i - 9. Suppose -x + 3 = 0, -f - 3*x - 7 + 6 = 0. Calculate q(f).
1
Let p(m) = -m - 1. Let d(c) = 8*c + 5. Let j(s) = d(s) + 6*p(s). Let b be j(1). Let o(r) = -r**2. Calculate o(b).
-1
Let x be 9/(-6)*2/(-3). Let s = -1 - x. Let r(c) be the first derivative of -2*c**2 + 2. Determine r(s).
8
Let n(k) = -k**2 - 5*k - k**2 + 1 + k**3 + 0*k**2 + 5*k**2. Determine n(-4).
5
Let y be (-4)/4 + 0 + -1. Let h(f) = -f**2. Give h(y).
-4
Let b(q) = 4*q**2 - q - 1. Let x(k) = -k**2 - 6*k + 10. Let i be x(-7). Suppose 4*u - 5*u - 14 = 4*v, 9 = -i*v. What is b(u)?
17
Suppose 0 = h + 4 - 5. Let g(v) = -9*v**2 - 8*v + 1. Let c(b) = 17*b**2 + 15*b - 2. Let f(r) = -6*c(r) - 11*g(r). Give f(h).
-4
Let x = -28 + 31. Let c be 1*((4 - x) + 0). Let t(y) = -6*y**3 - 2*y**2 + 2*y - 1. Determine t(c).
-7
Let z(h) = -h**2 + 8*h + 7. Suppose 292*f = 295*f - 24. Calculate z(f).
7
Suppose 4*u + 30 = -u. Let l(s) = 2*s + 2. Determine l(u).
-10
Let o(s) = 2 + 45*s - 3 - 87*s + 46*s. What is o(-2)?
-9
Suppose -2*t + 4*i = -56, -3*i - 60 = -t - t. Suppose 31 + 6 = -3*w - 5*r, -4*w - t = 4*r. Let g(l) = l**2 + 5*l + 1. Calculate g(w).
-3
Let x(b) be the third derivative of b**4/6 - b**3/6 + 39*b**2. What is x(-1)?
-5
Let x(p) = 2*p - p + 91*p**2 - 92*p**2 - 8*p + 6. Give x(-8).
-2
Let w = -21 + 25. Suppose w*g - 7 = 13. Let f(n) = n - 9. Calculate f(g).
-4
Let g(j) be the second derivative of j**3/6 - 2*j**2 + j. Suppose -r = 4*r - 25. Give g(r).
1
Let k(a) = -11*a**2 + 2*a + 1. Let l be (1*-20)/(-4)*1. Let y = l + -6. Wha